late the remainder when 31276 is divided by 1006.
90
Calculate the remainder when 256449 is divided by 9.
3
Calculate the remainder when 42925 is divided by 2860.
25
What is the remainder when 48 is divided by 33?
15
What is the remainder when 2159218 is divided by 970?
968
What is the remainder when 1448124 is divided by 9?
6
What is the remainder when 169001 is divided by 44?
41
What is the remainder when 207577 is divided by 91?
6
Calculate the remainder when 2772 is divided by 39.
3
What is the remainder when 1235 is divided by 96?
83
What is the remainder when 7819 is divided by 23?
22
What is the remainder when 2430 is divided by 808?
6
Calculate the remainder when 297213 is divided by 9006.
15
What is the remainder when 773 is divided by 297?
179
Calculate the remainder when 1729 is divided by 722.
285
Calculate the remainder when 389843 is divided by 129894.
161
Calculate the remainder when 505003 is divided by 2988.
31
Calculate the remainder when 37441 is divided by 7487.
6
What is the remainder when 9549 is divided by 17?
12
Calculate the remainder when 751687 is divided by 866.
865
Calculate the remainder when 495507 is divided by 7.
5
What is the remainder when 328258 is divided by 266?
14
Calculate the remainder when 111838 is divided by 37279.
1
What is the remainder when 8464 is divided by 8447?
17
Calculate the remainder when 24487 is divided by 155.
152
Calculate the remainder when 48806 is divided by 1682.
28
Calculate the remainder when 745 is divided by 163.
93
What is the remainder when 321086 is divided by 231?
227
Calculate the remainder when 2501 is divided by 635.
596
What is the remainder when 5381 is divided by 203?
103
Calculate the remainder when 1406 is divided by 38.
0
What is the remainder when 45917 is divided by 205?
202
Calculate the remainder when 24783 is divided by 3539.
10
Calculate the remainder when 9126 is divided by 17.
14
What is the remainder when 217492 is divided by 2?
0
What is the remainder when 29715 is divided by 1021?
106
What is the remainder when 4050 is divided by 506?
2
Calculate the remainder when 19765 is divided by 2193.
28
Calculate the remainder when 2914 is divided by 100.
14
What is the remainder when 5858 is divided by 21?
20
Calculate the remainder when 22105 is divided by 21969.
136
What is the remainder when 7491 is divided by 478?
321
What is the remainder when 10217 is divided by 538?
533
What is the remainder when 2500 is divided by 15?
10
What is the remainder when 634 is divided by 116?
54
What is the remainder when 13578 is divided by 13569?
9
Calculate the remainder when 1425719 is divided by 417.
413
What is the remainder when 9127 is divided by 9?
1
What is the remainder when 608 is divided by 18?
14
What is the remainder when 7718 is divided by 776?
734
Calculate the remainder when 2633 is divided by 2615.
18
What is the remainder when 7390 is divided by 1211?
124
Calculate the remainder when 1686 is divided by 290.
236
What is the remainder when 1598 is divided by 532?
2
What is the remainder when 1090 is divided by 343?
61
What is the remainder when 26653 is divided by 98?
95
Calculate the remainder when 6607 is divided by 546.
55
Calculate the remainder when 4169 is divided by 3.
2
Calculate the remainder when 32561 is divided by 402.
401
Calculate the remainder when 98581 is divided by 764.
25
What is the remainder when 8675 is divided by 379?
337
What is the remainder when 2771 is divided by 450?
71
What is the remainder when 31002 is divided by 301?
300
What is the remainder when 80735 is divided by 79?
76
Calculate the remainder when 14449 is divided by 30.
19
Calculate the remainder when 23877 is divided by 682.
7
Calculate the remainder when 895056 is divided by 99.
96
What is the remainder when 273736 is divided by 273661?
75
What is the remainder when 725344 is divided by 90668?
0
Calculate the remainder when 225306 is divided by 713.
711
Calculate the remainder when 20914 is divided by 4174.
44
What is the remainder when 479545 is divided by 69?
64
What is the remainder when 17447 is divided by 1453?
11
Calculate the remainder when 3790 is divided by 724.
170
Calculate the remainder when 12171 is divided by 140.
131
Calculate the remainder when 67986 is divided by 24.
18
Calculate the remainder when 30637 is divided by 326.
319
What is the remainder when 8925 is divided by 68?
17
What is the remainder when 29972 is divided by 25?
22
What is the remainder when 14339 is divided by 1590?
29
What is the remainder when 3978 is divided by 83?
77
What is the remainder when 152 is divided by 129?
23
What is the remainder when 1022 is divided by 94?
82
Calculate the remainder when 7199 is divided by 45.
44
What is the remainder when 134397 is divided by 16?
13
What is the remainder when 3132 is divided by 283?
19
Calculate the remainder when 729342 is divided by 103.
102
What is the remainder when 77587 is divided by 163?
162
Calculate the remainder when 22049 is divided by 126.
125
What is the remainder when 12133 is divided by 338?
303
What is the remainder when 31646 is divided by 93?
26
Calculate the remainder when 1995 is divided by 490.
35
Calculate the remainder when 4313 is divided by 4313.
0
Calculate the remainder when 19045 is divided by 8.
5
Calculate the remainder when 5917 is divided by 1488.
1453
What is the remainder when 9347 is divided by 76?
75
Calculate the remainder when 59342 is divided by 50.
42
What is the remainder when 8501 is divided by 6?
5
Calculate the remainder when 1439 is divided by 19.
14
Calculate the remainder when 3120 is divided by 31.
20
What is the remainder when 33645 is divided by 306?
291
Calculate the remainder when 284709 is divided by 11.
7
What is the remainder when 1316 is divided by 436?
8
Calculate the remainder when 20288 is divided by 73.
67
What is the remainder when 14472 is divided by 3606?
48
Calculate the remainder when 7953 is divided by 418.
11
What is the remainder when 86741 is divided by 79?
78
What is the remainder when 22993 is divided by 14?
5
Calculate the remainder when 2433 is divided by 327.
144
Calculate the remainder when 8932 is divided by 1112.
36
Calculate the remainder when 29111 is divided by 13.
4
What is the remainder when 76870 is divided by 76870?
0
What is the remainder when 9664 is divided by 3218?
10
Calculate the remainder when 18441 is divided by 4607.
13
Calculate the remainder when 19194 is divided by 14.
0
Calculate the remainder when 91051 is divided by 435.
136
Calculate the remainder when 41752 is divided by 146.
142
What is the remainder when 5551 is divided by 403?
312
Calculate the remainder when 51774 is divided by 25.
24
What is the remainder when 90255 is divided by 10028?
3
What is the remainder when 588233 is divided by 51?
50
What is the remainder when 751668 is divided by 1820?
8
Calculate the remainder when 283597 is divided by 70899.
1
Calculate the remainder when 101390 is divided by 1913.
1
Calculate the remainder when 19369 is divided by 552.
49
Calculate the remainder when 113 is divided by 113.
0
What is the remainder when 2699 is divided by 9?
8
Calculate the remainder when 361237 is divided by 1384.
13
What is the remainder when 100243 is divided by 2948?
11
What is the remainder when 242 is divided by 46?
12
Calculate the remainder when 62327 is divided by 46.
43
Calculate the remainder when 4675 is divided by 1227.
994
Calculate the remainder when 2973 is divided by 166.
151
What is the remainder when 110239 is divided by 8?
7
Calculate the remainder when 26559 is divided by 77.
71
Calculate the remainder when 71881 is divided by 163.
161
Calculate the remainder when 4151 is divided by 1537.
1077
What is the remainder when 21136 is divided by 1407?
31
Calculate the remainder when 15355 is divided by 480.
475
What is the remainder when 2428 is divided by 435?
253
What is the remainder when 38105 is divided by 121?
111
Calculate the remainder when 54126 is divided by 76.
14
What is the remainder when 3140 is divided by 98?
4
Calculate the remainder when 14419 is divided by 4777.
88
What is the remainder when 10608 is divided by 20?
8
What is the remainder when 7560 is divided by 476?
420
What is the remainder when 6016 is divided by 301?
297
What is t